t of (39 - d)*(-2 - -3)?
7
Let p(o) = -3 + o + 2 - 2*o + 5. Let g(n) = 4*n - 11. Let q(j) = 3*g(j) + 8*p(j). What is the tens digit of q(5)?
1
Let a(d) = d - 3. Let l be 1 + (4 - 5)*-4. Let c be a(l). Suppose c*f + 10 = 3*f. What is the units digit of f?
0
Suppose 0 = -7*n - 13*n + 31880. What is the thousands digit of n?
1
Let c(s) = -40*s - 1. Let l be c(-1). Let d = l - 12. What is the units digit of d?
7
Let v = 911 + 627. What is the hundreds digit of v?
5
Suppose -a - 3*y + 2*y = -2, -5*a = -3*y - 18. What is the tens digit of (a + 11 - 3)*(4 - -7)?
2
Suppose -8*h - 9 = -25. What is the units digit of (-1 + (-190)/(-2))/h?
7
Suppose 3*d = 4*m + 850, -3*d = 2*d + 4*m - 1374. What is the units digit of d?
8
Let w(o) = -o**3 - 7*o**2 - 5*o + 8. Let q be w(-6). Suppose q*i - 22 = -72. What is the units digit of 3 - (-4 + 4 + i)?
8
Let n(r) = -2*r + 12. Let l be n(11). Let s(f) = 3*f**2 + 15*f + 42. What is the units digit of s(l)?
2
Suppose -12334 = -18*k + 11*k. What is the units digit of k?
2
Suppose 11885 = 2*z + 3*l, -4*z - l + 23780 = 3*l. What is the hundreds digit of ((z/(-15))/7)/(2/(-6))?
1
Let f be 1 + (4/2)/1 - -34. Let d = f - -2. What is the units digit of d?
9
What is the hundreds digit of 8264/40 + (-9)/15?
2
Let o be (20/(-25))/((-2)/170). Suppose 0 = -f + o - 18. What is the tens digit of f?
5
Let z(m) = 8*m**3 + 8*m - 11. Let w be 1 - ((-2)/(-9) + 11/(-9)). What is the tens digit of z(w)?
6
Let m = -2582 + 5270. What is the tens digit of m?
8
Let y(i) = -3*i**3 + 24*i**2 - i - 23. What is the units digit of y(7)?
7
Let i be (-8)/1 - 6/(-2). Let b be 0 - (-5)/(i/(-2)). What is the tens digit of (46 + 4)/(4 - b)?
2
Let p(i) = 37*i**2 + 3*i + 22. What is the thousands digit of p(6)?
1
Suppose -2 = 4*b - 5*b. Let v(l) = 2*l - 20. Let r be v(10). Suppose r = -b*g - 2*g + 88. What is the units digit of g?
2
Suppose -5*u + 687 = -4*z, u + 3*u + 4*z - 564 = 0. Suppose -2*c - u + 21 = 0. Let r = 100 + c. What is the units digit of r?
1
Suppose 3*z - 4*z + 735 = 0. What is the hundreds digit of z?
7
Let k(l) = l**3 - 5*l**2 - 13*l - 3. Let j be k(7). Suppose 809 = j*u + 341. What is the hundreds digit of u?
1
Suppose -3*w + 3*m = -6*w + 18, -3*m = -w - 6. Suppose w*v = v + 72. What is the tens digit of v?
3
Suppose 6*y + y = 8022. What is the tens digit of y?
4
Suppose -5*o = -2*o + 3*v - 120, 161 = 4*o + 5*v. Let x be 183/(-6 + (10 - 1)). Let f = x - o. What is the tens digit of f?
2
Suppose 4*a - 601 + 81 = 0. What is the hundreds digit of a?
1
Let b be 4/(-18) + 146/9. Suppose b = -5*p + 41. Suppose -p*o + 9 + 21 = 0. What is the units digit of o?
6
Suppose 0 = 2*k + 4 + 4. Let g be -5*-2*(-2)/k. Suppose 0 = 6*p - g*p - 19. What is the tens digit of p?
1
Suppose -3*f - 2*f = 0. Suppose f = 3*v + 5*a - 40, -2*v + 4*a + 76 = v. What is the tens digit of v*(-2 - 7/(-2))?
3
Suppose -5*l = 15 - 5. Let j be l + 1 + 0 - -54. Let t = j + -37. What is the units digit of t?
6
Suppose -2*s = 4*m - 10, 0 = 2*m - s - 2 - 1. Let r be m - 2/(-8)*0. Suppose 6*u - 64 = r*u. What is the units digit of u?
6
Let x(f) = f - 17. Let c(u) = -1. Let i(j) = -6*c(j) + x(j). Let a be i(17). Suppose 106 + 260 = a*h. What is the units digit of h?
1
Let p be (-23)/2 + (-7)/(-14). Let t be -3*(-1)/(-1) - p. Suppose 4*s - 2*z - 46 = 0, 0*s + s - 4*z = t. What is the tens digit of s?
1
Suppose 2*r - 47 = 83. Let p = r + 9. What is the units digit of p?
4
Suppose -3*f - 907 = -h, -2*f - 3*f = 4*h - 3645. What is the hundreds digit of h?
9
Suppose 580*o = 581*o - 1336. What is the thousands digit of o?
1
Let b be 3*((-3)/7 - 10/(-7)). Suppose -24 = -4*m + b*n, 5*m - 2*n + 7 - 30 = 0. What is the units digit of m?
3
Let g = 20 + -18. Suppose 4*z - 4*u + u - 11 = 0, -3*u = g*z - 19. Suppose -2*o + 98 = -z*p + 8, -p = 0. What is the units digit of o?
5
Let y = 30 - 21. Suppose y*u = 10*u - 57. What is the units digit of u?
7
Let k(c) = c**2 - 3*c - 31*c**3 + 1 + 5*c**2 - 3 + 32*c**3. What is the units digit of k(-3)?
4
Let k = 495 - -48. What is the tens digit of k?
4
Suppose -2*u + 3*u = 29. Let g = u - 27. Suppose 4*d - 94 = -g*j, j - 4*j + 106 = -d. What is the tens digit of j?
3
Let x = 8827 + -4879. What is the units digit of x?
8
Suppose -46*x + 18400 = -6*x. What is the hundreds digit of x?
4
Let f(v) = 48*v + 27*v - 34*v + 60*v + 5. What is the tens digit of f(1)?
0
Let o be (-1098)/(-14) + ((-72)/(-42))/(-4). Suppose 9 + o = w. What is the units digit of w?
7
Let q(s) = s**3 + 8*s**2 - 7*s + 8. Let x(a) = -a**3 - 8*a**2 + 6*a - 8. Let u(i) = 4*q(i) + 3*x(i). Suppose -2*n - 29 = -11. What is the tens digit of u(n)?
1
Let c(y) = -6*y - 9. Let j be c(-4). Suppose 5*r + j = -w, -2*w + 4*r - 6 = -32. Suppose b = -w*x + 38, x - 94 = -0*b - 5*b. What is the tens digit of b?
1
Suppose 0*h - 84 = -3*h - 2*r, -3*r = h - 35. What is the units digit of (-4 + 1 + h)*5?
5
Let q = -823 - -1462. What is the hundreds digit of q?
6
Suppose -4*p - 73 = -u, -3*u = 2*u - 4*p - 285. Let z = -34 + u. Suppose 13 + z = 2*l. What is the tens digit of l?
1
Let d = -93 - -159. Let k = 49 + -94. Let v = k + d. What is the tens digit of v?
2
Suppose 5 = 2*w + 1. Suppose w = 3*c - 4. What is the units digit of (19 - (-3 + c))/1?
0
Let t(g) = -14 - 10 - 2*g - 3*g + 34. What is the units digit of t(0)?
0
Let i(d) = -13 + 12*d**2 + 0*d**3 - 12 + 6*d + d**3 + 19. Let o be i(-11). Suppose 5*p = 101 + o. What is the tens digit of p?
3
Suppose 45 + 11 = d + y, d = 4*y + 66. What is the units digit of d?
8
Suppose -2*n - 2*s - s + 287 = 0, -5*s - 440 = -3*n. Let f = n + -74. What is the units digit of f?
1
Let n(r) = -r**3 - 11*r**2 - 11*r - 10. Let m be n(-10). Suppose 16*p - 15*p - 65 = m. Suppose 58 = 3*o - p. What is the tens digit of o?
4
Let w(b) = 2*b + 8. Let n be w(0). Suppose -570 = n*i - 1522. What is the hundreds digit of i?
1
Suppose 3*i = -i - 24. Let x be i/(1 + (4 - 4)). What is the tens digit of ((-28)/(-3))/((-4)/x)?
1
Suppose 0 = -17*n - 8*n + 56175. What is the units digit of n?
7
Let v = 8 + -3. Suppose 0 = 4*u + 4, 4*u = -s + v - 0. Suppose 12*g - s*g - 57 = 0. What is the tens digit of g?
1
Suppose -17*m - 20 = -19*m. Let x = m + 64. What is the units digit of x?
4
Let g(n) = n**3 - 9*n**2 + 8*n + 9. Let j be g(8). Let o(r) = 14 - 2*r + 4*r - 4*r + j*r. What is the units digit of o(5)?
9
Let y be 1/(-3 + 64/22). Let h = y + 42. What is the tens digit of h?
3
What is the tens digit of -4 - (-81)/2*40/60?
2
Suppose -10162 - 16900 = -7*n. What is the thousands digit of n?
3
What is the units digit of 2/(-7) - (-27126)/77?
2
Let r be (-225)/12 + (-3)/(-4). Let c = r - -13. What is the units digit of c - -7 - (-7 - 0)?
9
Let i(w) = -w**3 + 15*w**2 + w - 18. Let u be i(15). Let x be 4 + (12/u - -6). What is the units digit of x/8 + 231/12?
0
Let x be (2/6)/(4/36). Suppose -x*m + 30 = 2*m. Suppose -2*a + m = -24. What is the units digit of a?
5
Suppose -5*w = -11*g + 7*g - 9835, 0 = 2*w + 5*g - 3901. What is the tens digit of w?
6
Let i be -2 - (89 + (-12)/(-3)). Let m be (-2 - i)*1 + -2. Let u = m - 52. What is the units digit of u?
9
Suppose -17*q = -16*q + 1. Let n = 9 - q. Suppose -78 + n = -2*z. What is the tens digit of z?
3
Let a(x) = x**3 + 19*x**2 + 27*x + 41. What is the units digit of a(-10)?
1
Let c = -1 - -6. Let d(u) = u - 7. Let h be d(c). What is the units digit of h/(24/14 + -2)?
7
Suppose 39*f = 41*f - 1080. What is the tens digit of f?
4
Let o = 411 + -95. Let n be 4/12 + o/6. Suppose n = 3*i + 17. What is the tens digit of i?
1
Suppose -5*f = -p - 23 - 1, -3*p = 4*f + 15. Let b(q) = -6*q - 20. Let m be b(p). Let i = m - 16. What is the tens digit of i?
1
Suppose 0 = -5*n - 3*g, -3*n = 2*n - 3*g. Suppose -4*f + 434 = 5*x, -f = -4*x + 4*f + 339. Suppose n = -4*z + 34 + x. What is the units digit of z?
0
Let m be 56/12 - 3/(-9). Suppose 0 = m*f - 5*t - 35, 2*f - 8 = 2*t + 2*t. What is the units digit of f?
0
Let h = 1479 + 722. What is the hundreds digit of h?
2
What is the tens digit of -545*(8 + -5 + -4)?
4
Suppose -u - q = -109, 6*u - 10*u = -4*q - 436. Let b = 284 - u. What is the units digit of b?
5
Let x(j) = 112*j**2 - j + 4. Let i be x(-3). Suppose -3*g + 8*g - i = 0. What is the units digit of g?
3
Let n be (0/(-1 - -4))/(-2) - -170. Let x = n - 57. W